f 5 and g.
1
Let y be 8*(0 - (-14)/4)*(2 + 0). Calculate the greatest common factor of 7196 and y.
28
Let k(y) = 5*y - 31. Suppose -2*f + 38 = 3*x, 6*f + 5*x - 57 = 3*f. Let o be k(f). Suppose o*a - 63*a = 35. Calculate the greatest common factor of 245 and a.
35
Let h(c) = -4*c + 125. Let f be h(-5). Suppose 143 = 2*z - f. What is the highest common factor of 32 and z?
16
Suppose -972 = 2*p - 38*p. Calculate the highest common divisor of p and 4.
1
Let w = -100 - -19. Let c be (w/(-6))/(1/10). Let q = 7022 - 7007. What is the highest common factor of q and c?
15
Suppose 3*w + 0*w + 37 = -5*u, -2*u = -4*w - 6. Let m be w/(-6) + (-1295)/(-105). What is the greatest common factor of m and 39?
13
Suppose 2*z = z - 2*p, -p = -4*z + 18. Let s be (12/(-8))/(15/20). Let i be 0/s + 3 - 10/(-2). Calculate the highest common factor of z and i.
4
Let t = -6371 + 6701. Calculate the highest common factor of 240 and t.
30
Suppose 5*m = -4*u + 33, -2*u + 45 = -11*m + 4*m. What is the highest common factor of u and 6?
6
Let f be -1 - -6*14/21. Let m be ((-9)/6)/(-3)*(55 - f). What is the greatest common factor of m and 416?
26
Suppose -4*i + 24 + 20 = 4*p, -4*i - 5*p = -40. Suppose 10*r - i*r - 4*x = -58, 2*r - 16 = 2*x. What is the highest common factor of r and 370?
10
Suppose -1270*f - 20475 = -632*f - 653*f. What is the greatest common divisor of f and 630?
105
Suppose 5*k = r + 3, 5*r - k = 9*r - 93. Suppose r*h + 501 = 13657. Calculate the highest common factor of h and 69.
23
Suppose -d = -3*d + 6. Suppose 26 = s - 5*m + 3, d*s + 3*m + 3 = 0. Suppose 7*b = s*b - 20, 4*b = -4*r + 16. Calculate the highest common factor of r and 9.
9
Suppose 3*r - 680 + 653 = 0, -67 = -o + 5*r. Calculate the greatest common divisor of o and 904.
8
Suppose -12*j = -35*j. Suppose j = 3*o + n - 1048, -5*o + 19*n = 21*n - 1748. What is the highest common divisor of 12 and o?
12
Let l be ((-1076)/3)/((-22)/33). Let q = l - 518. Calculate the greatest common factor of 65 and q.
5
Let t(c) = -2*c**2 + 16*c - 12. Let x be t(7). Suppose -x*f = -202 + 198. What is the greatest common factor of 34 and f?
2
Suppose 0 = 2*l - 8, -16*l + 14*l = 7*f - 110202. What is the greatest common divisor of 34 and f?
34
Let m be 2*5*3325/190. What is the greatest common divisor of 7 and m?
7
Let o(r) = r**3 - 5*r**2 + 2*r + 13. Let j be o(6). Let y be (j - 10) + (3 - (-3 + 1)). Calculate the highest common factor of 16 and y.
8
Suppose 2*i - s = 28, -2*i - 2*s = -52 + 30. Suppose -52 = -k + i*m - 9*m, -5*m - 56 = -k. What is the highest common factor of k and 153?
9
Suppose 0 = 4*p + 3*s - 2151, -p + 2*p = 2*s + 535. Calculate the highest common factor of 3 and p.
3
Suppose -2*o + 103 = -163. Suppose -67*y - 15202 - 34512 = 0. Let m = y - -761. What is the highest common factor of o and m?
19
Suppose -f - 3*o + 36 = 0, 3*f = 5*o - 6*o + 132. Let q = -32 + f. What is the greatest common divisor of 13 and q?
13
Let y = -13023 - -13135. Calculate the greatest common factor of 35280 and y.
112
Let m = 82 - 80. Let s(f) = -18*f + 3*f + 63*f**m + 40 - 64*f**2. Let t be s(-15). Calculate the highest common factor of 120 and t.
40
Suppose -w - 31 = 5*d, -d = 4*w - 0*d + 29. Let p be 30/w*136/(-8). What is the highest common factor of p and 765?
85
Let o be (-3)/(-9)*(-3 - -708). Suppose 4*l = o - 59. Let s = -754 - -758. Calculate the highest common factor of s and l.
4
Suppose 34 = -5*c + 1339. Suppose 4*l + 41 - c = 0. Let h(w) = -416*w - 6651. Let d be h(-16). What is the greatest common factor of l and d?
5
Let h be ((12 - 10) + -12)*(-6)/5. Suppose 673 + 2027 = h*x. What is the greatest common divisor of 27 and x?
9
Let u be (3 + 75/(-10))*-14. Let s be 5/(30/(-42)) + u. Calculate the greatest common divisor of 56 and s.
56
Let x be ((-32)/(-12))/(-4) + 21/(-9). Let c be (-3 - x/(-6))/((-8)/112). What is the greatest common divisor of 196 and c?
49
Let i = -117 - -527. Suppose 31*u = -493 - 8342. Let q = i + u. What is the highest common factor of 25 and q?
25
Let l = 89 + -83. Let y = 26 + l. Calculate the highest common factor of y and 24.
8
Suppose -3*k - 13 + 121 = 0. Suppose 102*c + 24585 = 36519. What is the highest common divisor of c and k?
9
Let i(k) = -16*k**3 + 6*k**2 + 13*k + 17. Let n be i(-4). What is the greatest common factor of 105 and n?
35
Let z be (20/(-7))/(88/(-308)). Suppose 33 - 403 = -z*y. What is the greatest common divisor of 407 and y?
37
Suppose 4*i + 2166 = 23*i. Suppose i = -h - 202. Let l = h - -481. Calculate the highest common divisor of l and 33.
33
Suppose 0 = 2*i - 39 - 73. Suppose 5*j + 3*y = i, 0*y + 22 = j - 3*y. Let u be (-2)/3 - ((-632)/3 + 2). Calculate the highest common divisor of j and u.
13
Suppose -2*u + 22 = r, 343 - 188 = 5*r + u. What is the highest common factor of r and 1252?
4
Let t = -7799 - -8055. What is the greatest common factor of 144 and t?
16
Let w = 421 + -416. What is the greatest common divisor of 3105 and w?
5
Let r(x) = 3*x - 21. Let y be r(8). Suppose -y*u - 151 = -3*l - 55, 2*l + u = 76. Calculate the highest common divisor of l and 132.
12
Suppose -h + 4*c + 1072 = 0, 8*h + 3*c = 6*h + 2177. Let s = h - 94. What is the greatest common divisor of 22 and s?
22
Let q = -305 - -14. Let h = q + 318. What is the highest common divisor of h and 135?
27
Suppose -2*k - 16 = -46. Suppose -g = 2*o - 46, -4*g + o + 124 = -k. Calculate the greatest common factor of 252 and g.
36
Let m(z) = -2 + 9 - 5*z + 16 + 2. Let j be m(5). Let i(f) = -f**3 + f + 14. Let g be i(j). What is the greatest common factor of g and 35?
7
Let r be (-2)/(-5) - 3196/(-235). Suppose w = -2*w + 714. Calculate the highest common divisor of r and w.
14
Let r be -18*((52/24)/(-13))/((-1)/(-249)). Calculate the highest common factor of 387 and r.
9
Let p(i) = -37*i**3 + i**2 + 2*i + 1. Let b be p(-1). Suppose -31 = -4*a + b. Let g = a + 18. What is the greatest common divisor of g and 14?
7
Let q be (-117656)/(-7)*(-171)/(-228). What is the greatest common factor of q and 66?
66
Let k(v) = 12*v**2 - 4*v + 16. Suppose -47*f + 44*f = -9. Let d be k(f). Calculate the highest common factor of 14 and d.
14
Suppose 14*l - 60 = 13*l. Suppose -2*f - 2*f - 12 = 3*a, -4*f = a - 4. Let y = 20 + a. What is the highest common factor of l and y?
12
Let h(p) = -2*p**2 - 8*p - 3. Let f be h(-2). Suppose -j - 1408 = -f*j. What is the greatest common factor of 22 and j?
22
Let y = -208 + 212. Suppose -y*x = -23*x + 1178. What is the greatest common divisor of x and 434?
62
Let d(o) = 10*o + 7. Let q be d(8). Let r = 8353 + -8350. What is the highest common divisor of r and q?
3
Suppose 39*p + 16*p = 105*p - 7700. Calculate the greatest common divisor of p and 8162.
154
Let j be -9 + (9/12)/((-28)/(-29904)). Calculate the greatest common factor of j and 737.
11
Suppose 0 = -o - 3*o + 1080. Let h be (-22)/(-176)*184 - -4. What is the greatest common divisor of o and h?
27
Suppose 0 = 10*n - 129 + 39. Let b = 25 + n. Let j = 57 - b. What is the greatest common factor of j and 161?
23
Let g(l) = -664*l - 5264. Let b be g(-13). Calculate the highest common factor of 24 and b.
8
Let n(d) = d + 10. Let o be n(-3). Let f = o + -3. Suppose -g = g - 3*m - 29, 20 = g + 4*m. Calculate the greatest common divisor of f and g.
4
Let u be (15/(-1))/((-36)/1872). Suppose 0 = 15*k - 25*k + u. Calculate the highest common divisor of k and 117.
39
Suppose -17594 = -149*t - 1800. What is the highest common divisor of 16 and t?
2
Let l(i) = i**2 + 4*i - 7. Let p be l(6). Let z = 3228 + -3122. What is the highest common factor of z and p?
53
Let i = 40803 + -40290. Calculate the greatest common factor of i and 18.
9
Let m(a) = 971*a**3 + 8*a**2 - 2*a + 4*a - 957*a**3 - 4. Let q be m(2). Suppose -13*f + f + q = 0. What is the highest common factor of f and 54?
6
Let s be 3/(-1) + (6/(-16) - (-686127)/104). What is the greatest common factor of s and 42?
42
Let i(l) = 5*l**2 - 3*l + 1. Let b = 51 - 50. Let s be i(b). Suppose g - s = -0. Calculate the highest common divisor of 3 and g.
3
Let n = 11420 - 2656. Calculate the highest common divisor of 28 and n.
28
Let i(b) = 3*b**2 - 4*b - 14. Let s be i(4). Calculate the greatest common factor of s and 834.
6
Let b be 659400/240 - (0 - (-1)/(-2))*-1. Calculate 